e
Is 412 a factor of 47247485?
False
Is 744 a factor of 7127618208?
True
Is 54 a factor of 918081186?
False
Is 183831056 a multiple of 83?
True
Is 361577840 a multiple of 13?
True
Does 11 divide 11053655?
False
Is 1124 a factor of 120804148?
True
Does 418 divide 71270948?
False
Does 221 divide 38299742?
True
Is 21 a factor of 26803243?
False
Is 156 a factor of 1483546550?
False
Does 1337 divide 1539304144?
True
Does 3 divide 755235473?
False
Does 561 divide 23185569?
True
Is 27 a factor of 1343851765?
False
Is 520033570 a multiple of 98?
True
Is 8313435 a multiple of 99?
False
Does 34 divide 13497797?
False
Is 111 a factor of 92911329?
True
Is 15 a factor of 235544850?
True
Is 54372912 a multiple of 134?
True
Is 88 a factor of 74719480?
True
Is 877 a factor of 30934421?
True
Does 12 divide 12825120?
True
Is 16 a factor of 290084833?
False
Is 938 a factor of 2161469044?
True
Is 19801496 even?
True
Is 2799544 a multiple of 11?
True
Does 119 divide 86822757?
True
Is 57211439 a multiple of 3191?
True
Does 45 divide 964784970?
True
Is 707 a factor of 13686153?
False
Does 23 divide 2449809877?
False
Is 2555370576 a multiple of 9416?
True
Does 50 divide 481087700?
True
Does 257 divide 61690023?
True
Is 55183885 a multiple of 1055?
True
Is 455597541 a multiple of 63?
True
Is 1079 a factor of 162991317?
False
Is 6983379 a multiple of 13?
True
Is 28270224 a multiple of 548?
True
Is 90 a factor of 236719090?
False
Is 11413549 a multiple of 31?
True
Does 1127 divide 597231790?
False
Is 95 a factor of 1291620?
True
Is 68880855 a multiple of 164?
False
Does 339 divide 9919140?
True
Is 2355 a factor of 252248352?
False
Does 76 divide 157243899?
False
Is 1281505870 a multiple of 7127?
True
Is 16407617 a multiple of 7?
False
Is 79 a factor of 160281125?
True
Is 72378200 a multiple of 1160?
True
Does 93 divide 65464746?
True
Does 7150 divide 393956789?
False
Is 22 a factor of 3896811050?
True
Is 3301 a factor of 69832655?
True
Is 20946288 a multiple of 11?
True
Is 14975 a factor of 3334707006?
False
Is 79258037 a multiple of 504?
False
Is 43 a factor of 3732712?
False
Does 82 divide 3523269236?
True
Is 75808031 a multiple of 3?
False
Is 54 a factor of 9723763?
False
Is 221276726 a multiple of 11?
True
Does 8 divide 2225712?
True
Does 66 divide 11088068?
False
Does 2 divide 43995584?
True
Is 98581718 a multiple of 1229?
False
Is 3507620457 a multiple of 1767?
True
Is 69926529 a multiple of 35?
False
Does 11 divide 11115214?
True
Does 9 divide 385301025?
True
Is 1448 a factor of 7588968?
True
Does 971 divide 14319337?
True
Is 259785041 a multiple of 40?
False
Is 75991682 a multiple of 7?
False
Is 19054074 a multiple of 227?
False
Does 149 divide 159833661?
False
Is 822108625 a multiple of 212?
False
Is 47 a factor of 2744377?
True
Is 242930100 a multiple of 350?
True
Is 77 a factor of 46268761?
True
Is 1282211401 a multiple of 23?
False
Is 600 a factor of 43240993?
False
Is 4 a factor of 3824753?
False
Is 36963571 a multiple of 259?
False
Is 112706931 a multiple of 175?
False
Does 826 divide 247701706?
True
Is 113600381 a multiple of 2338?
False
Is 131218578 a multiple of 18?
True
Does 3399 divide 2430709875?
True
Is 168670736 a multiple of 272?
True
Is 554 a factor of 78585454?
True
Is 214 a factor of 24475867?
False
Is 276 a factor of 1168536991?
False
Does 500 divide 872749390?
False
Does 3 divide 87926126?
False
Is 7 a factor of 317525554?
False
Does 88 divide 121152011?
False
Does 292 divide 104116688?
True
Does 421 divide 148066121?
True
Is 59 a factor of 380692871?
False
Does 1837 divide 1116488418?
False
Does 409 divide 34800289?
False
Does 81 divide 1248998535?
True
Is 429642250 a multiple of 190?
True
Is 139 a factor of 2505379302?
False
Is 134237795 a multiple of 102?
False
Is 7 a factor of 517818296?
False
Is 584 a factor of 6362680?
True
Is 32144882 a multiple of 286?
False
Is 9 a factor of 189321867?
True
Is 626404901 a multiple of 1473?
False
Is 18 a factor of 105091776?
True
Is 90769812 a multiple of 1284?
True
Does 5145 divide 571496310?
True
Is 12870927 a multiple of 46?
False
Is 334788448 a multiple of 16?
True
Is 54 a factor of 119334762?
True
Is 38025083 a multiple of 136?
False
Is 729 a factor of 8281750?
False
Does 52 divide 27431040?
True
Is 614 a factor of 246880506?
False
Does 107 divide 7328030?
False
Does 117 divide 67376132?
False
Is 483 a factor of 66761226?
True
Is 437531318 a multiple of 397?
True
Is 3850 a factor of 445052300?
True
Is 74579133 a multiple of 6?
False
Is 139884529 a multiple of 1605?
False
Does 3537 divide 252100271?
False
Is 146936784 a multiple of 48?
True
Is 44328008 a multiple of 408?
False
Is 541992983 a multiple of 150?
False
Does 9 divide 28662912?
True
Is 287544784 a multiple of 126?
False
Is 43532762 a multiple of 38?
True
Is 1717 a factor of 103526515?
True
Is 73 a factor of 3485685?
False
Does 96 divide 306648960?
True
Does 51 divide 5206624?
False
Is 500 a factor of 2463463760?
False
Does 132 divide 8819316?
True
Is 448069482 a multiple of 354?
True
Is 781 a factor of 22570980?
False
Is 72 a factor of 26858038?
False
Is 23224574 a multiple of 19?
True
Is 25 a factor of 162461143?
False
Does 278 divide 1454577?
False
Is 20 a factor of 30993720?
True
Is 1172093398 a multiple of 14?
True
Is 30 a factor of 146258610?
True
Is 63 a factor of 97282416?
False
Does 13 divide 1021770547?
False
Is 7 a factor of 106133352?
False
Is 67909667 a multiple of 57?
False
Is 22 a factor of 39689119?
False
Is 122 a factor of 930445029?
False
Is 8018050 a multiple of 38?
False
Is 95862080 a multiple of 133?
False
Does 2935 divide 2768195145?
True
Does 27 divide 1999215?
True
Is 1843 a factor of 24797565?
True
Is 2746212591 a multiple of 5174?
False
Is 122169936 a multiple of 381?
True
Is 12342606 a multiple of 201?
True
Does 13 divide 54753751?
True
Does 114 divide 2280374490?
True
Does 611 divide 32840639?
True
Is 604512801 a multiple of 29?
True
Does 6 divide 30083?
False
Is 17957856 a multiple of 875?
False
Does 91 divide 81426601?
False
Is 6604 a factor of 683401732?
True
Does 40 divide 58569280?
True
Is 3485635419 a multiple of 7146?
False
Is 333202506 a multiple of 7?
True
Does 19 divide 316266226?
False
Is 14 a factor of 47976391?
False
Is 757706170 a multiple of 1079?
True
Is 133 a factor of 61765447?
False
Does 3134 divide 247525587?
False
Does 564 divide 2965688722?
False
Is 157113715 a multiple of 4100?
False
Is 10585000 a multiple of 1250?
True
Does 195 divide 74356815?
True
Does 10 divide 905604817?
False
Does 18 divide 41333256?
True
Is 279 a factor of 246701565?
True
Is 2925398375 a multiple of 41?
False
Does 229 divide 23974468?
True
Does 200 divide 3183126000?
True
Is 937 a factor of 26909703?
True
Is 550 a factor of 7501941?
False
Does 6 divide 43682754?
True
Is 170 a factor of 19111113?
False
Is 12456 a factor of 2657836368?
True
Is 897 a factor of 942665780?
False
Does 62 divide 190840964?
False
Does 490 divide 3645767058?
False
Does 1187 divide 60992808?
True
Does 516 divide 18338564?
False
Is 98 a factor of 431528523?
False
Is 58825224 a multiple of 5?
False
Is 26 a factor of 256166170?
True
Is 128 a factor of 198609792?
True
Is 35 a factor of 113264760?
True
Does 536 divide 41941464?
True
Is 13133116 a multiple of 775?
False
Does 1734 divide 63394626?
False
Does 3848 divide 125408350?
False
Does 321 divide 8341506?
True
Is 206754273 a multiple of 1089?
True
Is 59543224 a multiple of 13?
True
Does 9 divide 20833866?
True
Is 18 a factor of 10156255?
False
Is 16486558 a multiple of 4?
False
Is 8 a factor of 169422521?
False
Is 28693480 a multiple of 11?
False
Is 233427350 a multiple of 552?
False
Does 1325 divide 31431650?
True
Is 2609766467 a multiple of 49?
False
Is 273221064 a multiple of 5529?
True
Is 1402 a factor of 1406453619?
False
Is 47 a factor of 71037791?
False
Is 75 a factor of 1254423274?
False
Does 69 divide 271035519?
True
Is 27 a factor of 171252291?
False
Is 249651684 a multiple of 36?
True
Is 46998036 a multiple of 222?
False
Does 15 divide 109464891?
False
Does 34 divide 97911957?
False
Is 487794262 a multiple of 219?
False
Does 4 divide 136595742?
False
Is 136 a factor of 1595813468?
False
Is 583844464 a multiple of 28?
True
Does 41 divide 3486066?
True
Does 953 divide 473516004?
